[INFO] cloning repository https://github.com/richbayliss/docker-luks-volume-plugin
[INFO] running `Command { std: "git" "-c" "credential.helper=" "-c" "credential.helper=/workspace/cargo-home/bin/git-credential-null" "clone" "--bare" "https://github.com/richbayliss/docker-luks-volume-plugin" "/workspace/cache/git-repos/https%3A%2F%2Fgithub.com%2Frichbayliss%2Fdocker-luks-volume-plugin", kill_on_drop: false }`
[INFO] [stderr] Cloning into bare repository '/workspace/cache/git-repos/https%3A%2F%2Fgithub.com%2Frichbayliss%2Fdocker-luks-volume-plugin'...
[INFO] running `Command { std: "git" "rev-parse" "HEAD", kill_on_drop: false }`
[INFO] [stdout] dd93778ec475c5a744f93a8119275eb02c20eff1
[INFO] checking richbayliss/docker-luks-volume-plugin against try#72f88fc4e9458f89516a0b8b0868f3718aec5b47 for pr-74989
[INFO] running `Command { std: "git" "clone" "/workspace/cache/git-repos/https%3A%2F%2Fgithub.com%2Frichbayliss%2Fdocker-luks-volume-plugin" "/workspace/builds/worker-4/source", kill_on_drop: false }`
[INFO] [stderr] Cloning into '/workspace/builds/worker-4/source'...
[INFO] [stderr] done.
[INFO] validating manifest of git repo https://github.com/richbayliss/docker-luks-volume-plugin on toolchain 72f88fc4e9458f89516a0b8b0868f3718aec5b47
[INFO] running `Command { std: "/workspace/cargo-home/bin/cargo" "+72f88fc4e9458f89516a0b8b0868f3718aec5b47" "read-manifest" "--manifest-path" "Cargo.toml", kill_on_drop: false }`
[INFO] started tweaking git repo https://github.com/richbayliss/docker-luks-volume-plugin
[INFO] removed path dependency cryptsetup-rs from git repo https://github.com/richbayliss/docker-luks-volume-plugin
[INFO] finished tweaking git repo https://github.com/richbayliss/docker-luks-volume-plugin
[INFO] tweaked toml for git repo https://github.com/richbayliss/docker-luks-volume-plugin written to /workspace/builds/worker-4/source/Cargo.toml
[INFO] crate git repo https://github.com/richbayliss/docker-luks-volume-plugin already has a lockfile, it will not be regenerated
[INFO] running `Command { std: "/workspace/cargo-home/bin/cargo" "+72f88fc4e9458f89516a0b8b0868f3718aec5b47" "fetch" "--locked" "--manifest-path" "Cargo.toml", kill_on_drop: false }`
[INFO] [stderr] warning: dependency (cryptsetup-rs) specified without providing a local path, Git repository, or version to use. This will be considered an error in future versions
[INFO] [stderr]     Updating crates.io index
[INFO] [stderr] error: the lock file /workspace/builds/worker-4/source/Cargo.lock needs to be updated but --locked was passed to prevent this
[INFO] [stderr] If you want to try to generate the lock file without accessing the network, use the --offline flag.
[INFO] the lockfile is outdated, regenerating it
[INFO] running `Command { std: "/workspace/cargo-home/bin/cargo" "+72f88fc4e9458f89516a0b8b0868f3718aec5b47" "generate-lockfile" "--manifest-path" "Cargo.toml" "-Zno-index-update", kill_on_drop: false }`
[INFO] [stderr]     Blocking waiting for file lock on package cache
[INFO] running `Command { std: "/workspace/cargo-home/bin/cargo" "+72f88fc4e9458f89516a0b8b0868f3718aec5b47" "fetch" "--locked" "--manifest-path" "Cargo.toml", kill_on_drop: false }`
[INFO] [stderr] warning: dependency (cryptsetup-rs) specified without providing a local path, Git repository, or version to use. This will be considered an error in future versions
[INFO] [stderr]     Blocking waiting for file lock on package cache
[INFO] [stderr]  Downloading crates ...
[INFO] [stderr]   Downloaded base64-serde v0.5.1
[INFO] [stderr]   Downloaded errno v0.2.6
[INFO] [stderr]   Downloaded errno-dragonfly v0.1.1
[INFO] [stderr]   Downloaded loopdev v0.2.1
[INFO] [stderr]   Downloaded sys-mount v1.2.1
[INFO] [stderr]   Downloaded derive_more v0.99.10
[INFO] [stderr]   Downloaded udev v0.2.0
[INFO] [stderr]   Downloaded simple_logger v1.9.0
[INFO] [stderr]   Downloaded libcryptsetup-sys v0.3.0-beta1
[INFO] [stderr]   Downloaded shellscript v0.3.1
[INFO] [stderr]   Downloaded fstab v0.3.1
[INFO] [stderr]   Downloaded cryptsetup-rs v0.3.0-beta1
[INFO] [stderr]   Downloaded nom v4.1.1
[INFO] [stderr]   Downloaded blkid-rs v0.3.0-beta1
[INFO] [stderr]   Downloaded block-utils v0.6.2
[INFO] running `Command { std: "docker" "create" "-v" "/var/lib/crater-agent-workspace/builds/worker-4/target:/opt/rustwide/target:rw,Z" "-v" "/var/lib/crater-agent-workspace/builds/worker-4/source:/opt/rustwide/workdir:ro,Z" "-v" "/var/lib/crater-agent-workspace/cargo-home:/opt/rustwide/cargo-home:ro,Z" "-v" "/var/lib/crater-agent-workspace/rustup-home:/opt/rustwide/rustup-home:ro,Z" "-e" "SOURCE_DIR=/opt/rustwide/workdir" "-e" "CARGO_TARGET_DIR=/opt/rustwide/target" "-e" "CARGO_HOME=/opt/rustwide/cargo-home" "-e" "RUSTUP_HOME=/opt/rustwide/rustup-home" "-w" "/opt/rustwide/workdir" "-m" "1610612736" "--user" "0:0" "--network" "none" "rustops/crates-build-env@sha256:d92eaeed33fa75130ca1ee6c8a01d1ffb62bac859dfdfb3450e3e5d1c0146529" "/opt/rustwide/cargo-home/bin/cargo" "+72f88fc4e9458f89516a0b8b0868f3718aec5b47" "metadata" "--no-deps" "--format-version=1", kill_on_drop: false }`
[INFO] [stderr] WARNING: Your kernel does not support swap limit capabilities or the cgroup is not mounted. Memory limited without swap.
[INFO] [stdout] 1a2016e5564419363196ea47de2715fde8c295df3c30982c28c2404a04436b22
[INFO] running `Command { std: "docker" "start" "-a" "1a2016e5564419363196ea47de2715fde8c295df3c30982c28c2404a04436b22", kill_on_drop: false }`
[INFO] running `Command { std: "docker" "inspect" "1a2016e5564419363196ea47de2715fde8c295df3c30982c28c2404a04436b22", kill_on_drop: false }`
[INFO] running `Command { std: "docker" "rm" "-f" "1a2016e5564419363196ea47de2715fde8c295df3c30982c28c2404a04436b22", kill_on_drop: false }`
[INFO] [stdout] 1a2016e5564419363196ea47de2715fde8c295df3c30982c28c2404a04436b22
[INFO] running `Command { std: "docker" "create" "-v" "/var/lib/crater-agent-workspace/builds/worker-4/target:/opt/rustwide/target:rw,Z" "-v" "/var/lib/crater-agent-workspace/builds/worker-4/source:/opt/rustwide/workdir:ro,Z" "-v" "/var/lib/crater-agent-workspace/cargo-home:/opt/rustwide/cargo-home:ro,Z" "-v" "/var/lib/crater-agent-workspace/rustup-home:/opt/rustwide/rustup-home:ro,Z" "-e" "SOURCE_DIR=/opt/rustwide/workdir" "-e" "CARGO_TARGET_DIR=/opt/rustwide/target" "-e" "CARGO_INCREMENTAL=0" "-e" "RUST_BACKTRACE=full" "-e" "RUSTFLAGS=--cap-lints=forbid" "-e" "CARGO_HOME=/opt/rustwide/cargo-home" "-e" "RUSTUP_HOME=/opt/rustwide/rustup-home" "-w" "/opt/rustwide/workdir" "-m" "1610612736" "--user" "0:0" "--network" "none" "rustops/crates-build-env@sha256:d92eaeed33fa75130ca1ee6c8a01d1ffb62bac859dfdfb3450e3e5d1c0146529" "/opt/rustwide/cargo-home/bin/cargo" "+72f88fc4e9458f89516a0b8b0868f3718aec5b47" "check" "--frozen" "--all" "--all-targets" "--message-format=json", kill_on_drop: false }`
[INFO] [stderr] WARNING: Your kernel does not support swap limit capabilities or the cgroup is not mounted. Memory limited without swap.
[INFO] [stdout] 567cdd08bfcbb288119491bc1465f3fa51f9dc5ec54a8ec0c9a74305cea7e77a
[INFO] running `Command { std: "docker" "start" "-a" "567cdd08bfcbb288119491bc1465f3fa51f9dc5ec54a8ec0c9a74305cea7e77a", kill_on_drop: false }`
[INFO] [stderr] warning: dependency (cryptsetup-rs) specified without providing a local path, Git repository, or version to use. This will be considered an error in future versions
[INFO] [stderr]    Compiling libc v0.2.77
[INFO] [stderr]     Checking cfg-if v0.1.10
[INFO] [stderr]    Compiling autocfg v1.0.1
[INFO] [stderr]     Checking lazy_static v1.4.0
[INFO] [stderr]    Compiling log v0.4.11
[INFO] [stderr]    Compiling byteorder v1.3.4
[INFO] [stderr]     Checking futures v0.1.29
[INFO] [stderr]    Compiling proc-macro2 v1.0.21
[INFO] [stderr]    Compiling unicode-xid v0.2.1
[INFO] [stderr]     Checking either v1.6.0
[INFO] [stderr]    Compiling syn v1.0.41
[INFO] [stderr]    Compiling semver-parser v0.7.0
[INFO] [stderr]    Compiling maybe-uninit v2.0.0
[INFO] [stderr]     Checking slab v0.4.2
[INFO] [stderr]     Checking scopeguard v1.1.0
[INFO] [stderr]     Checking fnv v1.0.7
[INFO] [stderr]    Compiling memchr v2.3.3
[INFO] [stderr]    Compiling autocfg v0.1.7
[INFO] [stderr]    Compiling cc v1.0.59
[INFO] [stderr]     Checking rand_core v0.4.2
[INFO] [stderr]    Compiling pkg-config v0.3.18
[INFO] [stderr]     Checking itoa v0.4.6
[INFO] [stderr]     Checking tinyvec v0.3.4
[INFO] [stderr]    Compiling regex v1.0.6
[INFO] [stderr]     Checking matches v0.1.8
[INFO] [stderr]    Compiling serde_derive v1.0.116
[INFO] [stderr]    Compiling getrandom v0.1.15
[INFO] [stderr]    Compiling proc-macro2 v0.4.30
[INFO] [stderr]    Compiling serde v1.0.116
[INFO] [stderr]    Compiling unicode-xid v0.1.0
[INFO] [stderr]    Compiling syn v0.15.44
[INFO] [stderr]     Checking adler v0.2.3
[INFO] [stderr]     Checking gimli v0.22.0
[INFO] [stderr]    Compiling version_check v0.9.2
[INFO] [stderr]     Checking rustc-demangle v0.1.16
[INFO] [stderr]     Checking object v0.20.0
[INFO] [stderr]    Compiling failure_derive v0.1.8
[INFO] [stderr]    Compiling bitflags v1.2.1
[INFO] [stderr]     Checking percent-encoding v1.0.1
[INFO] [stderr]    Compiling ryu v1.0.5
[INFO] [stderr]    Compiling utf8-ranges v1.0.4
[INFO] [stderr]    Compiling regex-syntax v0.6.18
[INFO] [stderr]    Compiling serde_json v1.0.57
[INFO] [stderr]    Compiling proc-macro-hack v0.5.18
[INFO] [stderr]     Checking hashbrown v0.9.0
[INFO] [stderr]     Checking percent-encoding v2.1.0
[INFO] [stderr]    Compiling httparse v1.3.4
[INFO] [stderr]     Checking ppv-lite86 v0.2.9
[INFO] [stderr]     Checking copyless v0.1.5
[INFO] [stderr]     Checking match_cfg v0.1.0
[INFO] [stderr]    Compiling crc32fast v1.2.0
[INFO] [stderr]    Compiling encoding_rs v0.8.24
[INFO] [stderr]     Checking dtoa v0.4.6
[INFO] [stderr]     Checking linked-hash-map v0.5.3
[INFO] [stderr]     Checking quick-error v1.2.3
[INFO] [stderr]     Checking foreign-types-shared v0.1.1
[INFO] [stderr]    Compiling openssl v0.10.30
[INFO] [stderr]     Checking arc-swap v0.4.7
[INFO] [stderr]     Checking mime v0.3.16
[INFO] [stderr]    Compiling pin-project-internal v0.4.23
[INFO] [stderr]    Compiling native-tls v0.2.4
[INFO] [stderr]     Checking try-lock v0.2.3
[INFO] [stderr]    Compiling proc-macro-nested v0.1.6
[INFO] [stderr]     Checking language-tags v0.2.2
[INFO] [stderr]     Checking openssl-probe v0.1.2
[INFO] [stderr]     Checking sha1 v0.6.0
[INFO] [stderr]     Checking unicode-width v0.1.8
[INFO] [stderr]     Checking once_cell v1.4.1
[INFO] [stderr]     Checking base64 v0.12.3
[INFO] [stderr]     Checking shellscript v0.3.1
[INFO] [stderr]     Checking ansi_term v0.11.0
[INFO] [stderr]     Checking vec_map v0.8.2
[INFO] [stderr]     Checking strsim v0.8.0
[INFO] [stderr]     Checking pin-utils v0.1.0
[INFO] [stderr]     Checking bytes v0.5.6
[INFO] [stderr]     Checking try_from v0.3.2
[INFO] [stderr]     Checking thread_local v0.3.6
[INFO] [stderr]     Checking lock_api v0.3.4
[INFO] [stderr]    Compiling semver v0.9.0
[INFO] [stderr]     Checking rand_core v0.3.1
[INFO] [stderr]     Checking rand_jitter v0.1.4
[INFO] [stderr]     Checking unicode-bidi v0.3.4
[INFO] [stderr]     Checking unicode-normalization v0.1.13
[INFO] [stderr]    Compiling crossbeam-utils v0.7.2
[INFO] [stderr]    Compiling miniz_oxide v0.4.2
[INFO] [stderr]    Compiling indexmap v1.6.0
[INFO] [stderr]    Compiling memoffset v0.5.5
[INFO] [stderr]    Compiling num-traits v0.2.12
[INFO] [stderr]    Compiling crossbeam-epoch v0.8.2
[INFO] [stderr]    Compiling num-integer v0.1.43
[INFO] [stderr]    Compiling rand_chacha v0.1.1
[INFO] [stderr]    Compiling rand_pcg v0.1.2
[INFO] [stderr]    Compiling rand v0.6.5
[INFO] [stderr]    Compiling hashbrown v0.6.3
[INFO] [stderr]    Compiling libudev-sys v0.1.4
[INFO] [stderr]    Compiling libcryptsetup-sys v0.3.0-beta1
[INFO] [stderr]    Compiling unicase v2.6.0
[INFO] [stderr]    Compiling error-chain v0.12.4
[INFO] [stderr]     Checking lru-cache v0.1.2
[INFO] [stderr]     Checking foreign-types v0.3.2
[INFO] [stderr]     Checking tokio-sync v0.1.8
[INFO] [stderr]     Checking actix-service v0.4.2
[INFO] [stderr]     Checking textwrap v0.11.0
[INFO] [stderr]     Checking futures-task v0.3.5
[INFO] [stderr]     Checking rand_xorshift v0.1.1
[INFO] [stderr]     Checking rand_hc v0.1.0
[INFO] [stderr]     Checking rand_isaac v0.1.1
[INFO] [stderr]    Compiling openssl-sys v0.9.58
[INFO] [stderr]    Compiling miniz-sys v0.1.12
[INFO] [stderr]    Compiling brotli-sys v0.3.2
[INFO] [stderr]    Compiling rustc_version v0.2.3
[INFO] [stderr]     Checking smallvec v0.6.13
[INFO] [stderr]     Checking idna v0.1.5
[INFO] [stderr]     Checking idna v0.2.0
[INFO] [stderr]     Checking want v0.2.0
[INFO] [stderr]     Checking log v0.3.9
[INFO] [stderr]     Checking aho-corasick v0.6.10
[INFO] [stderr]     Checking nom v4.1.1
[INFO] [stderr]     Checking base64 v0.10.1
[INFO] [stderr]    Compiling quote v1.0.7
[INFO] [stderr]    Compiling parking_lot_core v0.6.2
[INFO] [stderr]    Compiling parking_lot v0.9.0
[INFO] [stderr]    Compiling hyper v0.12.35
[INFO] [stderr]     Checking iovec v0.1.4
[INFO] [stderr]     Checking num_cpus v1.13.0
[INFO] [stderr]     Checking net2 v0.2.35
[INFO] [stderr]     Checking time v0.1.44
[INFO] [stderr]     Checking rand_os v0.1.3
[INFO] [stderr]     Checking hostname v0.3.1
[INFO] [stderr]     Checking socket2 v0.3.15
[INFO] [stderr]     Checking signal-hook-registry v1.2.1
[INFO] [stderr]     Checking errno v0.2.6
[INFO] [stderr]     Checking atty v0.2.14
[INFO] [stderr]     Checking addr2line v0.13.0
[INFO] [stderr]     Checking fstab v0.3.1
[INFO] [stderr]    Compiling quote v0.6.13
[INFO] [stderr]     Checking url v2.1.1
[INFO] [stderr]     Checking url v1.7.2
[INFO] [stderr]     Checking tokio-executor v0.1.10
[INFO] [stderr]     Checking crossbeam-queue v0.2.3
[INFO] [stderr]     Checking bytes v0.4.12
[INFO] [stderr]     Checking threadpool v1.8.1
[INFO] [stderr]     Checking futures-cpupool v0.1.8
[INFO] [stderr]     Checking resolv-conf v0.6.3
[INFO] [stderr]    Compiling mime_guess v2.0.3
[INFO] [stderr]     Checking colored v1.9.3
[INFO] [stderr]     Checking clap v2.33.3
[INFO] [stderr]     Checking rand_core v0.5.1
[INFO] [stderr]     Checking loopdev v0.2.1
[INFO] [stderr]     Checking mio v0.6.22
[INFO] [stderr]     Checking udev v0.2.0
[INFO] [stderr]     Checking flate2 v1.0.17
[INFO] [stderr]     Checking backtrace v0.3.50
[INFO] [stderr]     Checking tokio-timer v0.2.13
[INFO] [stderr]     Checking tokio-current-thread v0.1.7
[INFO] [stderr]    Compiling const-random-macro v0.1.8
[INFO] [stderr]     Checking crossbeam-deque v0.7.3
[INFO] [stderr]     Checking sys-mount v1.2.1
[INFO] [stderr]     Checking tokio-io v0.1.13
[INFO] [stderr]     Checking http v0.1.21
[INFO] [stderr]     Checking string v0.2.1
[INFO] [stderr]     Checking tokio-buf v0.1.1
[INFO] [stderr]     Checking rand_chacha v0.2.2
[INFO] [stderr]     Checking cookie v0.12.0
[INFO] [stderr]     Checking uuid v0.7.4
[INFO] [stderr]     Checking tokio-threadpool v0.1.18
[INFO] [stderr]     Checking chrono v0.4.15
[INFO] [stderr]     Checking mio-uds v0.6.8
[INFO] [stderr]     Checking rand v0.7.3
[INFO] [stderr]     Checking tokio-codec v0.1.2
[INFO] [stderr]     Checking publicsuffix v1.5.3
[INFO] [stderr]     Checking const-random v0.1.8
[INFO] [stderr]     Checking tokio-reactor v0.1.12
[INFO] [stderr]     Checking actix-codec v0.1.2
[INFO] [stderr]     Checking ahash v0.2.18
[INFO] [stderr]     Checking actix-utils v0.4.7
[INFO] [stderr]     Checking tokio-tcp v0.1.4
[INFO] [stderr]     Checking tokio-uds v0.2.7
[INFO] [stderr]     Checking tokio-udp v0.1.6
[INFO] [stderr]     Checking tokio-signal v0.2.9
[INFO] [stderr]     Checking tokio v0.1.22
[INFO] [stderr]     Checking actix-server-config v0.1.2
[INFO] [stderr]     Checking uuid v0.8.1
[INFO] [stderr]     Checking simple_logger v1.9.0
[INFO] [stderr]     Checking blkid-rs v0.3.0-beta1
[INFO] [stderr]     Checking brotli2 v0.3.2
[INFO] [stderr]     Checking h2 v0.1.26
[INFO] [stderr]     Checking http-body v0.1.0
[INFO] [stderr]    Compiling derive_more v0.15.0
[INFO] [stderr]    Compiling enum-as-inner v0.2.1
[INFO] [stderr]    Compiling synstructure v0.12.4
[INFO] [stderr]    Compiling serde_with_macros v1.1.0
[INFO] [stderr]    Compiling serde_repr v0.1.6
[INFO] [stderr]    Compiling actix-web-codegen v0.1.3
[INFO] [stderr]    Compiling futures-macro v0.3.5
[INFO] [stderr]    Compiling derive_more v0.99.10
[INFO] [stderr]     Checking actix-threadpool v0.1.2
[INFO] [stderr]     Checking hyper-tls v0.3.2
[INFO] [stderr]     Checking actix-rt v0.2.6
[INFO] [stderr]     Checking actix-server v0.6.1
[INFO] [stderr]     Checking failure v0.1.8
[INFO] [stderr]     Checking trust-dns-proto v0.7.4
[INFO] [stderr]     Checking actix-testing v0.1.0
[INFO] [stderr]     Checking pin-project v0.4.23
[INFO] [stderr]     Checking futures-util v0.3.5
[INFO] [stderr]     Checking trust-dns-resolver v0.11.1
[INFO] [stderr]     Checking actix-connect v0.2.5
[INFO] [stderr]     Checking serde_urlencoded v0.6.1
[INFO] [stderr]     Checking serde_urlencoded v0.5.5
[INFO] [stderr]     Checking base64-serde v0.5.1
[INFO] [stderr]     Checking actix-router v0.1.5
[INFO] [stderr]     Checking serde_with v1.4.0
[INFO] [stderr]     Checking actix-http v0.2.11
[INFO] [stderr]     Checking cookie_store v0.7.0
[INFO] [stderr]     Checking block-utils v0.6.2
[INFO] [stderr]     Checking cryptsetup-rs v0.3.0-beta1
[INFO] [stderr]     Checking reqwest v0.9.24
[INFO] [stderr]     Checking awc v0.2.8
[INFO] [stderr]     Checking actix-web v1.0.9
[INFO] [stderr]     Checking luks-volume-driver v0.1.0 (/opt/rustwide/workdir)
[INFO] [stdout] error[E0603]: struct `Luks1Params` is private
[INFO] [stdout]   --> src/luks.rs:6:63
[INFO] [stdout]    |
[INFO] [stdout] 6  | use cryptsetup_rs::api::{CryptDeviceHandle, Luks1CryptDevice, Luks1Params};
[INFO] [stdout]    |                                                               ^^^^^^^^^^^ private struct
[INFO] [stdout]    |
[INFO] [stdout] note: the struct `Luks1Params` is defined here
[INFO] [stdout]   --> /opt/rustwide/cargo-home/registry/src/github.com-1ecc6299db9ec823/cryptsetup-rs-0.3.0-beta1/src/api.rs:22:5
[INFO] [stdout]    |
[INFO] [stdout] 22 | use crate::luks1::Luks1Params;
[INFO] [stdout]    |     ^^^^^^^^^^^^^^^^^^^^^^^^^
[INFO] [stdout] 
[INFO] [stdout] 
[INFO] [stdout] warning: unused import: `Luks1CryptDevice`
[INFO] [stdout]  --> src/luks.rs:6:45
[INFO] [stdout]   |
[INFO] [stdout] 6 | use cryptsetup_rs::api::{CryptDeviceHandle, Luks1CryptDevice, Luks1Params};
[INFO] [stdout]   |                                             ^^^^^^^^^^^^^^^^
[INFO] [stdout]   |
[INFO] [stdout]   = note: `#[warn(unused_imports)]` on by default
[INFO] [stdout] 
[INFO] [stdout] 
[INFO] [stdout] warning: use of deprecated function `simple_logger::init_with_level`: Please use the Builder pattern instead.
[INFO] [stdout]   --> src/main.rs:30:5
[INFO] [stdout]    |
[INFO] [stdout] 30 |     simple_logger::init_with_level(log::Level::Info).expect("Unable to initialise the logger");
[INFO] [stdout]    |     ^^^^^^^^^^^^^^^^^^^^^^^^^^^^^^
[INFO] [stdout]    |
[INFO] [stdout]    = note: `#[warn(deprecated)]` on by default
[INFO] [stdout] 
[INFO] [stdout] 
[INFO] [stdout] error[E0603]: struct `Luks1Params` is private
[INFO] [stdout]   --> src/luks.rs:6:63
[INFO] [stdout]    |
[INFO] [stdout] 6  | use cryptsetup_rs::api::{CryptDeviceHandle, Luks1CryptDevice, Luks1Params};
[INFO] [stdout]    |                                                               ^^^^^^^^^^^ private struct
[INFO] [stdout]    |
[INFO] [stdout] note: the struct `Luks1Params` is defined here
[INFO] [stdout]   --> /opt/rustwide/cargo-home/registry/src/github.com-1ecc6299db9ec823/cryptsetup-rs-0.3.0-beta1/src/api.rs:22:5
[INFO] [stdout]    |
[INFO] [stdout] 22 | use crate::luks1::Luks1Params;
[INFO] [stdout]    |     ^^^^^^^^^^^^^^^^^^^^^^^^^
[INFO] [stdout] 
[INFO] [stdout] 
[INFO] [stdout] warning: unused import: `Luks1CryptDevice`
[INFO] [stdout]  --> src/luks.rs:6:45
[INFO] [stdout]   |
[INFO] [stdout] 6 | use cryptsetup_rs::api::{CryptDeviceHandle, Luks1CryptDevice, Luks1Params};
[INFO] [stdout]   |                                             ^^^^^^^^^^^^^^^^
[INFO] [stdout]   |
[INFO] [stdout]   = note: `#[warn(unused_imports)]` on by default
[INFO] [stdout] 
[INFO] [stdout] 
[INFO] [stdout] warning: use of deprecated function `simple_logger::init_with_level`: Please use the Builder pattern instead.
[INFO] [stdout]   --> src/main.rs:30:5
[INFO] [stdout]    |
[INFO] [stdout] 30 |     simple_logger::init_with_level(log::Level::Info).expect("Unable to initialise the logger");
[INFO] [stdout]    |     ^^^^^^^^^^^^^^^^^^^^^^^^^^^^^^
[INFO] [stdout]    |
[INFO] [stdout]    = note: `#[warn(deprecated)]` on by default
[INFO] [stdout] 
[INFO] [stdout] 
[INFO] [stdout] error[E0308]: mismatched types
[INFO] [stdout]   --> src/luks.rs:89:64
[INFO] [stdout]    |
[INFO] [stdout] 89 |                 .luks1("aes", "xts-plain", "sha256", 256, Some(&uuid))
[INFO] [stdout]    |                                                                ^^^^^ expected struct `uuid::Uuid`, found struct `Uuid`
[INFO] [stdout]    |
[INFO] [stdout]    = note: expected reference `&uuid::Uuid`
[INFO] [stdout]               found reference `&Uuid`
[INFO] [stdout]    = note: perhaps two different versions of crate `uuid` are being used?
[INFO] [stdout] 
[INFO] [stdout] 
[INFO] [stdout] error[E0599]: no method named `add_keyslot` found for struct `CryptDeviceHandle<cryptsetup_rs::luks1::Luks1Params>` in the current scope
[INFO] [stdout]   --> src/luks.rs:93:18
[INFO] [stdout]    |
[INFO] [stdout] 93 |                 .add_keyslot(&key, None, None)
[INFO] [stdout]    |                  ^^^^^^^^^^^ method not found in `CryptDeviceHandle<cryptsetup_rs::luks1::Luks1Params>`
[INFO] [stdout]    |
[INFO] [stdout]    = help: items from traits can only be used if the trait is in scope
[INFO] [stdout]    = note: the following trait is implemented but not in scope; perhaps add a `use` for it:
[INFO] [stdout]            `use crate::cryptsetup_rs::LuksCryptDevice;`
[INFO] [stdout] 
[INFO] [stdout] 
[INFO] [stdout] error[E0308]: mismatched types
[INFO] [stdout]   --> src/luks.rs:89:64
[INFO] [stdout]    |
[INFO] [stdout] 89 |                 .luks1("aes", "xts-plain", "sha256", 256, Some(&uuid))
[INFO] [stdout]    |                                                                ^^^^^ expected struct `uuid::Uuid`, found struct `Uuid`
[INFO] [stdout]    |
[INFO] [stdout]    = note: expected reference `&uuid::Uuid`
[INFO] [stdout]               found reference `&Uuid`
[INFO] [stdout]    = note: perhaps two different versions of crate `uuid` are being used?
[INFO] [stdout] 
[INFO] [stdout] 
[INFO] [stdout] error[E0599]: no method named `activate` found for struct `CryptDeviceHandle<cryptsetup_rs::luks1::Luks1Params>` in the current scope
[INFO] [stdout]    --> src/luks.rs:126:18
[INFO] [stdout]     |
[INFO] [stdout] 126 |                 .activate(&name, &key)
[INFO] [stdout]     |                  ^^^^^^^^ method not found in `CryptDeviceHandle<cryptsetup_rs::luks1::Luks1Params>`
[INFO] [stdout]     |
[INFO] [stdout]     = help: items from traits can only be used if the trait is in scope
[INFO] [stdout]     = note: the following trait is implemented but not in scope; perhaps add a `use` for it:
[INFO] [stdout]             `use crate::cryptsetup_rs::LuksCryptDevice;`
[INFO] [stdout] 
[INFO] [stdout] 
[INFO] [stdout] error[E0599]: no method named `add_keyslot` found for struct `CryptDeviceHandle<cryptsetup_rs::luks1::Luks1Params>` in the current scope
[INFO] [stdout]   --> src/luks.rs:93:18
[INFO] [stdout]    |
[INFO] [stdout] 93 |                 .add_keyslot(&key, None, None)
[INFO] [stdout]    |                  ^^^^^^^^^^^ method not found in `CryptDeviceHandle<cryptsetup_rs::luks1::Luks1Params>`
[INFO] [stdout]    |
[INFO] [stdout]    = help: items from traits can only be used if the trait is in scope
[INFO] [stdout]    = note: the following trait is implemented but not in scope; perhaps add a `use` for it:
[INFO] [stdout]            `use crate::cryptsetup_rs::LuksCryptDevice;`
[INFO] [stdout] 
[INFO] [stdout] 
[INFO] [stdout] error[E0599]: no method named `deactivate` found for struct `CryptDeviceHandle<cryptsetup_rs::luks1::Luks1Params>` in the current scope
[INFO] [stdout]    --> src/luks.rs:147:14
[INFO] [stdout]     |
[INFO] [stdout] 147 |             .deactivate(name)
[INFO] [stdout]     |              ^^^^^^^^^^ method not found in `CryptDeviceHandle<cryptsetup_rs::luks1::Luks1Params>`
[INFO] [stdout]     |
[INFO] [stdout]     = help: items from traits can only be used if the trait is in scope
[INFO] [stdout]     = note: the following trait is implemented but not in scope; perhaps add a `use` for it:
[INFO] [stdout]             `use crate::cryptsetup_rs::LuksCryptDevice;`
[INFO] [stdout] 
[INFO] [stdout] 
[INFO] [stdout] error[E0599]: no method named `activate` found for struct `CryptDeviceHandle<cryptsetup_rs::luks1::Luks1Params>` in the current scope
[INFO] [stdout]    --> src/luks.rs:126:18
[INFO] [stdout]     |
[INFO] [stdout] 126 |                 .activate(&name, &key)
[INFO] [stdout]     |                  ^^^^^^^^ method not found in `CryptDeviceHandle<cryptsetup_rs::luks1::Luks1Params>`
[INFO] [stdout]     |
[INFO] [stdout]     = help: items from traits can only be used if the trait is in scope
[INFO] [stdout]     = note: the following trait is implemented but not in scope; perhaps add a `use` for it:
[INFO] [stdout]             `use crate::cryptsetup_rs::LuksCryptDevice;`
[INFO] [stdout] 
[INFO] [stdout] 
[INFO] [stdout] error[E0599]: no method named `deactivate` found for struct `CryptDeviceHandle<cryptsetup_rs::luks1::Luks1Params>` in the current scope
[INFO] [stdout]    --> src/luks.rs:147:14
[INFO] [stdout]     |
[INFO] [stdout] 147 |             .deactivate(name)
[INFO] [stdout]     |              ^^^^^^^^^^ method not found in `CryptDeviceHandle<cryptsetup_rs::luks1::Luks1Params>`
[INFO] [stdout]     |
[INFO] [stdout]     = help: items from traits can only be used if the trait is in scope
[INFO] [stdout]     = note: the following trait is implemented but not in scope; perhaps add a `use` for it:
[INFO] [stdout]             `use crate::cryptsetup_rs::LuksCryptDevice;`
[INFO] [stdout] 
[INFO] [stdout] 
[INFO] [stdout] error: aborting due to 5 previous errors; 2 warnings emitted
[INFO] [stdout] 
[INFO] [stdout] 
[INFO] [stdout] Some errors have detailed explanations: E0308, E0599, E0603.
[INFO] [stdout] 
[INFO] [stdout] For more information about an error, try `rustc --explain E0308`.
[INFO] [stdout] 
[INFO] [stderr] error: could not compile `luks-volume-driver`.
[INFO] [stderr] 
[INFO] [stderr] To learn more, run the command again with --verbose.
[INFO] [stderr] warning: build failed, waiting for other jobs to finish...
[INFO] [stdout] error: aborting due to 5 previous errors; 2 warnings emitted
[INFO] [stdout] 
[INFO] [stdout] 
[INFO] [stdout] Some errors have detailed explanations: E0308, E0599, E0603.
[INFO] [stdout] 
[INFO] [stdout] For more information about an error, try `rustc --explain E0308`.
[INFO] [stdout] 
[INFO] [stderr] error: build failed
[INFO] running `Command { std: "docker" "inspect" "567cdd08bfcbb288119491bc1465f3fa51f9dc5ec54a8ec0c9a74305cea7e77a", kill_on_drop: false }`
[INFO] running `Command { std: "docker" "rm" "-f" "567cdd08bfcbb288119491bc1465f3fa51f9dc5ec54a8ec0c9a74305cea7e77a", kill_on_drop: false }`
[INFO] [stdout] 567cdd08bfcbb288119491bc1465f3fa51f9dc5ec54a8ec0c9a74305cea7e77a
